 530. List the prime factors of u.
313
Let w(o) = -69*o - 100. List the prime factors of w(-17).
29, 37
Let g(i) = -3*i**3 - 13*i**2 - 6*i + 26. List the prime factors of g(-8).
2, 389
List the prime factors of 5/(30/4064) - 8/24.
677
What are the prime factors of (2715/12)/((42/8)/21)?
5, 181
Suppose -10*v = -307 - 1523. What are the prime factors of v?
3, 61
Let l = -2 + 42. Let b = 59 - l. List the prime factors of b.
19
List the prime factors of -14 - (-52549)/14 - 2/(-4).
2, 5, 11, 17
Let t = -34 - -40. Suppose -2*m + 36 = -t*m. Let v = m - -39. What are the prime factors of v?
2, 3, 5
What are the prime factors of 297/2 - 3/4*2?
3, 7
Let n = -8 + 12. List the prime factors of (41/2)/(n/8).
41
Let r = -14 + 23. Let f(u) = 7*u - 33. What are the prime factors of f(r)?
2, 3, 5
Suppose -1753 = -4*n + 5*l, -4*n = -2*n - l - 869. What are the prime factors of n?
2, 3
What are the prime factors of 337*(-24)/(-3)*60/40?
2, 3, 337
Let b(v) be the first derivative of -v**6/360 - 7*v**5/120 - v**3 - 1. Let k(u) be the third derivative of b(u). What are the prime factors of k(-4)?
2, 3
Let c(g) = g**2 + 15*g + 19. Let u be (-196)/12 + 1/(-9)*-3. List the prime factors of c(u).
5, 7
Suppose 0 = -3*i - 3*x - 24, 0*i + 10 = -3*i + 4*x. Let a(d) = -15*d + 1. Let p(f) = 22*f - 1. Let o(l) = -7*a(l) - 5*p(l). What are the prime factors of o(i)?
2, 7
Let n = 9 - 5. Suppose 0 = n*o + o - 630. List the prime factors of o.
2, 3, 7
Let j be (8/2 - 2)*1. Let k be 26/(-1)*-5 + -4. Suppose -u + k = j*u. List the prime factors of u.
2, 3, 7
Let x(v) = -11*v**3 + 2*v**2 + 9*v + 16. What are the prime factors of x(-4)?
2, 179
Let u(c) = 2*c**3 - 4*c**2 - 4*c + 1. What are the prime factors of u(7)?
463
Let k be 2*(0 + 5 + -3). Let n(v) = 4*v. List the prime factors of n(k).
2
Let r = 21 + 1. Suppose -17*p - 155 = -r*p. What are the prime factors of p?
31
Suppose -225 + 3969 = 13*o. What are the prime factors of o?
2, 3
Let a(x) = x**3 + 12*x**2 - 10*x + 37. What are the prime factors of a(-7)?
2, 11
Suppose 0 = -0*f - 5*f + 25. Let j = 10 - f. Suppose 2*g = -j*v + 40, -2*g + 4*g - 56 = 3*v. List the prime factors of g.
5
Let z(v) = 34*v**2 + 26*v + 3. What are the prime factors of z(-5)?
3, 241
Let t be ((-37)/1)/((-2)/6). Suppose 7*v + 195 = 4*v + 3*g, 3*v + 5*g = -211. Let y = v + t. What are the prime factors of y?
2, 11
Let u(q) = -9*q - 22. List the prime factors of u(-12).
2, 43
Let v(q) = q**3 - 6*q**2 + 14*q - 10. Suppose 0 = -3*x - 3*m + 18, -3*x + 0*m = -4*m - 18. What are the prime factors of v(x)?
2, 37
Suppose -207 = -2*y + 225. Let q = -853 - -895. List the prime factors of y/q*28/6.
2, 3
Let y be 6*10/(-15) - (1 - 8). Suppose 70 = -y*j + 172. List the prime factors of j.
2, 17
Let x = 9 + -3. Suppose d + 2*d + x = 0. What are the prime factors of (128/20)/(d/(-5))?
2
List the prime factors of 3/(-5) + 52866/110.
2, 3, 5
Suppose -3750 = -2*j - 2*a, -39 + 37 = -2*a. List the prime factors of j.
2, 937
Let f(l) = 15*l + 314. List the prime factors of f(31).
19, 41
Let o(t) = -t**3 - 62*t**2 + 40*t + 241. List the prime factors of o(-63).
2, 5, 13
Suppose -193*h + 189*h + 2324 = 0. List the prime factors of h.
7, 83
Let y be (-4)/(-2 + 2/2). Suppose 0 = 3*g + y - 115. Suppose -b + g = -6. List the prime factors of b.
43
Suppose -5*i - 542 = -3*z, -z + 3*i - 7*i + 158 = 0. List the prime factors of z.
2, 3, 29
Suppose -4*x = -r + 643, -5*r = -2*x - 4469 + 1308. What are the prime factors of r?
631
List the prime factors of (13/(78/36))/((-3)/(-62)).
2, 31
What are the prime factors of (-2 - -6)*3/(-2) - -1318?
2, 41
Let c(n) = -2*n**3 - 6*n**2 + 23*n + 112. What are the prime factors of c(-8)?
2, 71
Let d be (-6 - -7)/(4/28). Let o(j) = 18*j + 10. List the prime factors of o(d).
2, 17
Let m(b) = 114*b**2 - 21 - 120*b**2 - b**3 - 4*b + 2*b. What are the prime factors of m(-9)?
2, 3, 5
Suppose 24 = 10*w - 7*w. Suppose 58 = 10*p + w. List the prime factors of p.
5
Suppose -396 = -2*l - 16. Suppose -l = 37*f - 39*f. List the prime factors of f.
5, 19
Let p be ((-2)/4)/(1/(-10)). Suppose 1 = -4*u + p. List the prime factors of 1/((-36)/(-34) - u).
17
Suppose 240 = -3*z + 7*z. Suppose -8*f = -3*f + z. Let m = 30 + f. What are the prime factors of m?
2, 3
Let x(q) = -q - 7. Let l(a) = a**2 - 2*a - 1. Let y be l(-2). Let b be x(y). List the prime factors of (-262)/b + (-4)/(-14).
19
Let z be 1051/(((-3)/18*-9)/(-3)). List the prime factors of (-17)/102 + z/(-12).
5, 7
Suppose f = 2*f - 2. Suppose -3*u + 181 = -f*u. List the prime factors of u.
181
Let y be ((-7)/(-2))/((-2)/(-4)). Let d be 2 + -2 + 1*y. Let f = 9 - d. List the prime factors of f.
2
What are the prime factors of 1698/22 - 14/77?
7, 11
Suppose 64 = 18*a - 14*a. Suppose 3*y = 125 + a. What are the prime factors of y?
47
Let v = 5 - -11. Let r = 0 + v. Suppose -r = -m - 0*m. List the prime factors of m.
2
Suppose 0 = 5*a + 28 + 27. Let j be (a/(-2))/(13/234). Let u = -60 + j. List the prime factors of u.
3, 13
Let j(z) = -3*z**3 - 3*z**2 - 4*z + 1. Let q be j(-3). Let d = 220 - 184. Let i = q - d. What are the prime factors of i?
31
Let r be ((-1)/3)/(25/(-1950)). Suppose 239 = 5*g - r. What are the prime factors of g?
53
Suppose -9*k + 5*h + 1402 = -8*k, 4*k - 4*h - 5560 = 0. List the prime factors of k.
19, 73
Suppose 3*p - 2*p = -4*u - 23, -2 = u. Let w be (-12)/9*p/10. Suppose -s = -w*s + 36. What are the prime factors of s?
2, 3
Let d be ((-23)/4)/(-2 - 162/(-80)). Let b = 342 + d. What are the prime factors of b?
2, 7
Let a(r) = 121*r - 153. List the prime factors of a(4).
331
Suppose 2*q - 7*q = -2*l + 29, -3*l + 78 = 4*q. Let r = l - 4. What are the prime factors of r?
2, 3
Suppose 4*j = -4*l + 2004, 3*j + 4*l + 1996 = 7*j. What are the prime factors of j?
2, 5
Let z = 17 - 11. Suppose -i - 2*s + 10 = 0, -z*i + 10 = -2*i - 2*s. What are the prime factors of ((-248)/6)/i*-3?
31
Let d = -3 + -2. Let i be (-62)/(-4)*(-3 - d). Let h = 54 - i. List the prime factors of h.
23
Suppose -r + 17 - 5 = 0. Let m be (27 - 1)/(-1 + 3). Let y = m + r. List the prime factors of y.
5
Suppose -4*l - 589 = -x, -x = 4*l + 39 - 612. What are the prime factors of x?
7, 83
Let z be 3673/5 - 60/(-150). Suppose 8*p = 13*p - z. What are the prime factors of p?
3, 7
Suppose -3*x + 922 = 5*v - 858, -2945 = -5*x - 4*v. List the prime factors of x.
3, 5, 13
Let u(v) = -20*v - 5. Let g be u(-4). Let r = g - 32. Suppose -2*q + 2*m - m + 10 = 0, 5*q = -2*m + r. List the prime factors of q.
7
What are the prime factors of (-48)/(-36) - (-26348)/12?
13
Suppose 171*l - 1730 = 166*l. List the prime factors of l.
2, 173
Let v = 2120 - 1112. What are the prime factors of v?
2, 3, 7
Suppose 77*z - 29480 = 55*z. List the prime factors of z.
2, 5, 67
Let u = 60 + -18. Let z = u + -99. List the prime factors of (-1 + z/(-9))*3.
2
Suppose -15*f + 3382 = -7103. What are the prime factors of f?
3, 233
Suppose n - 3584 = 53*y - 56*y, 0 = -2*n + 2*y + 7176. List the prime factors of n.
17, 211
Suppose 4*g + 3*r = r + 14, 3*r = -3*g + 15. Let p(c) = -2*c**3 - 1 + c - 282*c**2 + 282*c**g. What are the prime factors of p(-2)?
13
Suppose -4*x + 328 = -4*y, -2*x = 3*y + x + 276. What are the prime factors of (-5)/(4/342*y + 1)?
3, 5, 19
Let v(f) = -f**2 + 13*f - 11. Let x be v(9). Suppose -y + x = 4*y. What are the prime factors of 4/y*60/8?
2, 3
Let x = -118 + 168. Suppose 3*t + 64 + 11 = z, -3*z + t + 233 = 0. Let r = z - x. What are the prime factors of r?
2, 7
Suppose 9*g - 3*g + 24 = 0. List the prime factors of -3 - 292/g - -5.
3, 5
Suppose 0 = -3*q + 3, 4*p - p = -2*q + 464. What are the prime factors of -1 + (-4)/(-8)*p?
2, 19
Let b(p) = 26*p**2 + 59*p + 355. What are the prime factors of b(-6)?
937
List the prime factors of 32/(-24)*(-58 + 1).
2, 19
Let c(v) = -6*v**3 + v + 2. Let l be c(-1). Suppose -5*o + 0*o = -10. Suppose -o*g - l = -15. What are the prime factors of g?
2
Let c = -159 + 86. What are the prime factors of c/(4/12*-3)?
73
Suppose -w - 3 = -p, -10*w + 6*w = 4*p - 28. Suppose p*v - g - 19 = 3*g, -5 = 5*g. What are the prime factors of v?
3
Let h = 118 + -15. Let l = h + -11. What are the prime factors of l?
2, 23
Let u be 89/(-2)*(0 + -2). Suppose u = 5*w - 2*t, -34 = -w + 2*t - 13. What are the prime factors of w?
